late the greatest common factor of a and o.
8
Suppose -4*d + 54 = -5*f, 0 = 3*f + f + 8. What is the greatest common factor of 55 and d?
11
Suppose 5 = 3*c - 4. Suppose 0 = -6*b + c*b + 48. Suppose 3*d - 45 = x, 8*x - 79 = -4*d + 3*x. Calculate the greatest common divisor of d and b.
16
Suppose 3*h - 5*m = 6*h - 8, -h - 2*m + 2 = 0. What is the greatest common factor of h and 14?
2
Suppose -5*a + 8 = -2. Suppose 2*h = 5*y - a*h - 540, 0 = 2*h + 10. What is the greatest common factor of 13 and y?
13
Let x = -227 - -425. Calculate the greatest common divisor of 33 and x.
33
Let r be (-6)/24 + 13/4. Suppose 2*p - 5*z = -7, -p + 4*p = -r*z + 42. What is the greatest common factor of 63 and p?
9
Let l be 2/4 - (-729)/(-18). Let f be (-9)/2*l/15. Suppose -2*g + 179 = -85. What is the highest common factor of f and g?
12
Let f = -4 - -7. Suppose k - 4 = -5*v, 0 = 2*v - v - f*k - 4. Let x(w) = 131*w**2 + 2*w - 1. Let b be x(v). Calculate the highest common divisor of 12 and b.
12
Let f(c) = -6*c. Let v be f(1). Let r be 2 - (v + (-3)/(-3)). Suppose 38 = -2*y + 150. Calculate the highest common factor of y and r.
7
Suppose 0 = c - f + 82, -f + 219 = -3*c - 37. Let g be c/(-6) + 6/(-4). What is the highest common divisor of 13 and g?
13
Let b = -5 - -9. Suppose -24 = b*f - 92. Let w(i) = -40*i + 16. Let q be w(-3). Calculate the highest common factor of f and q.
17
Let l be ((-3724)/(-24))/7 - (-4)/(-24). Calculate the highest common divisor of 154 and l.
22
Let m be (-9)/(1 - 76/72). Suppose -d - 2*d = -4*p + 163, 4*p = 2*d + m. Calculate the greatest common divisor of 8 and p.
8
Let z(x) = 14*x**3 - x. Let r be z(-1). Let n = 18 + r. What is the greatest common divisor of 5 and n?
5
Suppose 4*b + 6 = -2. Let q be b + (19 - (0 - -2)). Suppose -2*a = 3*l - 246, -65 = 4*a + 2*l - 549. Calculate the highest common divisor of a and q.
15
Let f(b) = 8*b**3 + b**2 - b + 2. Let p be f(2). Let i be (-5)/(-2)*(-24)/(-10). Let m be (-3 - 33/i)*-2. Calculate the highest common divisor of p and m.
17
Suppose -2*w - 2*j - 2 = -5*w, 0 = 5*w + j - 12. Let y(c) = 15*c**2 + 0*c + 2*c + 0*c. Let t be y(w). What is the greatest common factor of t and 8?
8
Suppose 0 = -5*u - 10 + 35. Let x = -3 - -5. Let s be (-2 - 0)*(-15)/x. Calculate the greatest common divisor of s and u.
5
Let n be 30*((-64)/(-20))/1. What is the greatest common divisor of n and 12?
12
Let n(z) = z + 7. Let q be n(-6). Let s be 2/4*0/q. Let i(u) = -u**2 + 14. Let l be i(s). What is the greatest common factor of 154 and l?
14
Let h be 3/(-7) + 954/21. Calculate the highest common factor of h and 9.
9
Let p be 1/(1/11)*20. Let r be (-6)/(-2)*60/9. Calculate the greatest common divisor of p and r.
20
Let h = 508 + -242. Suppose 4*g = h + 202. What is the highest common divisor of g and 13?
13
Let l be (-5 - -5)*(-1)/2. Suppose l = 3*t + 1 + 23. Let a be (t - 4)*(-2 + 1). What is the greatest common factor of a and 12?
12
Let n(z) = -z**3 + 13*z**2 + 15*z + 1. Let p be n(14). What is the highest common divisor of 75 and p?
15
Suppose 5*o = -0*o + 30. Let k = 15 + -9. What is the highest common divisor of k and o?
6
Let f = 42 - 21. Suppose -4*s = 5 - f. Calculate the greatest common factor of s and 12.
4
Let x = 16 - 19. Let p(v) = 2*v**2 + 2*v. Let i be p(x). What is the highest common factor of i and 96?
12
Suppose 0 = -2*x + 4*x - 56. Calculate the greatest common divisor of 42 and x.
14
Let t(h) = -h**3 + 6*h**2 - 5*h + 4. Let l be t(5). Let y be 5 - l/(-4) - -1. Calculate the greatest common divisor of y and 77.
7
Let r = -55 - -81. Let u be 2/(-3) - 119/(-3). What is the greatest common factor of u and r?
13
Suppose 4*c - 12 = -0. Let l be 0/c - 0 - -1. What is the greatest common factor of l and 1?
1
Suppose -16 = 4*s, n + 5*s = 3*n - 44. Calculate the highest common factor of 12 and n.
12
Let q(z) = -26*z - 1. Let w be 4/14 + 9/(-7). Let j be q(w). Calculate the highest common factor of 10 and j.
5
Let s(j) = j**3 - 9*j**2 + 8*j + 2. Let r be s(8). Suppose 15 = -o + r*o. What is the highest common factor of 6 and o?
3
Let s(o) be the third derivative of 0*o - o**2 - 1/60*o**5 + 1/3*o**4 + 4/3*o**3 + 0. Let g be s(7). What is the highest common factor of 5 and g?
5
Let r(b) = b**3 + 8*b**2 - b - 4. Let a be r(-8). Suppose -376 = -7*p + 2*p + 4*i, -a*p + 304 = -4*i. What is the highest common divisor of p and 9?
9
Let i be (-35)/(-10)*(-8)/(-14). Suppose h + 10 = 6*h. Calculate the highest common divisor of i and h.
2
Suppose -2*q + 3*f + 39 = 0, -q - 5*f = -0*q + 13. Calculate the greatest common factor of 12 and q.
12
Suppose -88 + 3 = -5*q. Let f = q + -5. Calculate the greatest common factor of 36 and f.
12
Let l(x) = x**2 - 2*x - 3. Let k be l(-3). Suppose 14 = i - 2*b, 2*i = 3*i + 3*b - 9. Suppose o = 2*o - i. Calculate the highest common divisor of o and k.
12
Let g = -51 + 94. Calculate the highest common factor of 129 and g.
43
Let m be (-2)/3 - (-17)/3. Suppose -2*o + 0*o = 5*q - 3, -m*o = q - 65. What is the highest common divisor of 56 and o?
14
Let h = -105 - -49. Let i = -39 - h. What is the greatest common divisor of i and 136?
17
Suppose -4 - 1 = -5*u. Calculate the greatest common factor of u and 1.
1
Suppose 5*z - 32 = 23. Suppose -4 = -3*r + z. Let x be (50/(-4))/(30/20 - 2). Calculate the highest common factor of x and r.
5
Suppose -2*b = 2*b. Suppose -4*c = -b*c + 248. Let v = 107 + c. Calculate the greatest common divisor of 15 and v.
15
Suppose z - 8 = b, 7*b - 4*b = -4*z + 60. What is the highest common divisor of 12 and z?
12
Let i be 4 - 2*1/(-2). Let d = i - -76. Let w = d + -56. Calculate the highest common factor of 5 and w.
5
Let o(d) = d**3 + 4*d**2 - 8*d - 7. Suppose -t - 4*t - 25 = 0. Let h be o(t). Calculate the greatest common divisor of h and 32.
8
Let g be -17*(-2)/(4/14). Let v(y) = -3*y**2 - 2*y + 3. Let p be v(-4). Let r be 3/(-2) - p/2. What is the highest common factor of r and g?
17
Let w(v) = 6*v + 3. Let q be w(5). What is the highest common factor of 33 and q?
33
Let j(q) = q**2 - 4*q - 7. Let h be j(7). Let u be (-36)/16*h*-4. What is the greatest common factor of 21 and u?
21
Suppose 2*o + 4*l + 12 = -0*l, 18 = -o - 5*l. Let t(k) = -k**3 + 3 - 2*k - 2 - k**2 + 4*k**o. Let j be t(2). What is the highest common divisor of 8 and j?
1
Suppose 3*i - 812 = -i. Calculate the greatest common factor of 29 and i.
29
Suppose -14 = 3*v - 5*f, 3*v + 3*f = 10 + 8. Suppose -2*l = 4*y - 16 - 164, 0 = -v*l. Suppose 2*b - y = 95. Calculate the highest common divisor of b and 14.
14
Suppose -4*y + 6 = -14. What is the greatest common factor of y and 45?
5
Suppose 4*h + x - 176 = 0, 23 = 2*h - h - 5*x. What is the greatest common factor of 43 and h?
43
Let w be (-306)/(-42) - 2/7. Suppose s = -4*n + 57, -3*n + 65 = 2*n - 5*s. Calculate the highest common divisor of n and w.
7
Suppose -4*j + 36 = -32. What is the highest common factor of j and 85?
17
Let z be (18 - 3)/(4/12). Calculate the highest common factor of z and 18.
9
Let h be (64/40)/(1/(-5)). Let w = h + 9. What is the greatest common divisor of 9 and w?
1
Let q(a) = -12*a + 3. Let j be q(-3). Calculate the greatest common divisor of 26 and j.
13
Let g = 21 + -11. Let o(v) = -2*v + v + 21*v**2 + 0*v**2. Let x be o(1). Calculate the greatest common divisor of x and g.
10
Suppose -t - 10 = -42. What is the highest common divisor of 64 and t?
32
Suppose -5*d - 4*t = -7*t - 176, -5*d - 2*t + 191 = 0. Let q = d - 25. What is the greatest common factor of q and 108?
12
Let m(j) = -21*j + 2. Let n be m(-2). What is the highest common factor of n and 4?
4
Let l = -5 - -11. Calculate the greatest common divisor of 12 and l.
6
Let b = -38 - -23. Let o be (10/15)/((-2)/b). Calculate the highest common divisor of o and 10.
5
Suppose 4*q - 28 - 109 = c, -3*q + 5*c = -107. Suppose 84 = 3*p - 372. Let o be (-14)/(-42) - p/(-3). Calculate the greatest common divisor of q and o.
17
Let j(k) = -k + 22. Let r be j(10). What is the greatest common divisor of r and 60?
12
Suppose -8*y = -5*y - 4*x - 160, 4 = -x. What is the greatest common divisor of y and 16?
16
Let r = 217 + -17. Let w = r - 123. What is the greatest common divisor of 11 and w?
11
Suppose -k = 2*p - 13, 3*k - 4*p = -5 + 14. What is the greatest common factor 